What are the prime factors of (-11375)/(-9) + 11/297*3?
2, 79
Let b = -38 - -13. Let i = b + 136. List the prime factors of i.
3, 37
Suppose 6412 = -38*x + 23284. List the prime factors of x.
2, 3, 37
Let h(l) = -l**3 - 2*l**2 - l - 1. Let d be h(0). What are the prime factors of (14/(-28))/(d/240)?
2, 3, 5
Suppose -3*z + 28 = -7*z. Let j(q) = 2*q + 4 - 4*q + 2*q + 8 - 5*q. List the prime factors of j(z).
47
Suppose 5*b + 5 = 3*o + 14, 12 = -4*b - 4*o. Suppose b = m + 3*m + 2*c - 122, 0 = m - 2*c - 43. List the prime factors of m.
3, 11
Suppose -a + 9 = -2*g, 4*a + 4*g + g = 23. Let m = 23 - a. List the prime factors of m.
2
Suppose 0 = 11*j - 3365 - 3730. List the prime factors of j.
3, 5, 43
Suppose -2*w + 5*w = 1179. What are the prime factors of w?
3, 131
List the prime factors of (11 - (10 - 8/2))*193.
5, 193
Suppose -5*z - 3*i + 3123 + 4228 = 0, -1466 = -z - 2*i. List the prime factors of z.
2, 23
Suppose -3*d = -10*d + 399. Suppose -g + 2*g = d. List the prime factors of g.
3, 19
Let k = 383 + 284. What are the prime factors of k?
23, 29
List the prime factors of (-2)/5 - (-81508)/70.
2, 3, 97
List the prime factors of 8/(-32)*0 + 653.
653
What are the prime factors of (-52)/(-13) - (1 + -5160 + 1)?
2, 29, 89
Let r = 308 - -94. List the prime factors of r.
2, 3, 67
Let s = 10 + -25. What are the prime factors of ((-70)/s)/((-1)/(-9))?
2, 3, 7
List the prime factors of 7/((-28)/36) + 2807.
2, 1399
Let w(l) be the second derivative of -l**5/4 - 13*l**4/12 + 5*l**3/6 - l**2/2 + 25*l. List the prime factors of w(-5).
2, 137
Let z(b) = -3*b - 7. Let o be z(3). Let t be (-4)/14 + o/(-7). List the prime factors of (t + -1)/((-2)/(-74)).
37
List the prime factors of (2848/267)/((-4)/(-198)).
2, 3, 11
Suppose 3*s = p - 30, 20 = -5*p + 4*s + 115. Let n = 16 - p. What are the prime factors of n/5 + 214/5?
43
List the prime factors of (-2107343)/(-686) + 1/14.
2, 3
Let t(p) = 201*p + 763. What are the prime factors of t(12)?
5, 127
Suppose j + 128 - 196 = 0. List the prime factors of j.
2, 17
Let f be -3 + 7 + (1 - -3). Let r be (-9 + f)/((-2)/422). Suppose -4*o = m - r, 5*m = 3*m - 10. What are the prime factors of o?
2, 3
Suppose -3*q + 4*v = 4, -q - v - 5 = 1. Let h be 20/80 - (-165)/q. Let u = -30 - h. What are the prime factors of u?
11
Let k(f) = f + 7. Let b be 8/(-28) + (-33)/7. Let u be k(b). Suppose 3*a - 181 = -u*a + 2*g, 4*a - 3*g = 149. What are the prime factors of a?
5, 7
Suppose 0 = -14*t + 11*t - 18. Let f(k) = -k**3 - 5*k**2 + 4*k - 8. List the prime factors of f(t).
2
Let n = -36 + 73. Let w = n + -17. List the prime factors of w.
2, 5
Suppose 89*f + 5000 = 99*f. List the prime factors of f.
2, 5
Let m(y) = y**3 - 8*y**2 - 9*y + 11. Let x be m(9). Suppose -4*q = -1 - x. List the prime factors of q.
3
Let w be (220/6)/(8/36). Let q = 31 + w. What are the prime factors of (-8)/12 - q/(-6)?
2
Suppose q - 4 = -4*i - 4*q, -3*q - 30 = -3*i. Let a = -6 + i. Suppose -2*s = -32 - a. List the prime factors of s.
2
Let v be (28/20)/((-3)/(-15)). Let o(n) = -n + 15. List the prime factors of o(v).
2
Suppose -3*m = -6*m. Let r(y) = 2 - y + m*y + 4*y. What are the prime factors of r(11)?
5, 7
Let d(a) = 3*a**3 - 7*a**2 + 3*a - 13. What are the prime factors of d(7)?
2, 347
Suppose 3752 = 2*t - 2*f, 21*t - 16*t - 9392 = f. What are the prime factors of t?
1879
Let a = -11 - -21. Suppose 0*h + 5*h = a. List the prime factors of (-88)/(-2 - h) - 2.
2, 5
Suppose 0 = 420*k - 423*k + 306. List the prime factors of k.
2, 3, 17
Let h = 4 + 237. What are the prime factors of h?
241
Let k(s) = -1 - 5 + 2 + 1 - 17*s + 3*s**2. List the prime factors of k(13).
283
Suppose 469 = -3*m + 10*m. Suppose -3*a + 12 = a. Suppose 0 = -a*z + 8 + m. What are the prime factors of z?
5
Let q = 1574 - -32. List the prime factors of q.
2, 11, 73
Let r = -316 + 536. Suppose 9*x + r = 13*x. What are the prime factors of x?
5, 11
Let i = 2708 - 1568. What are the prime factors of i?
2, 3, 5, 19
Let n be 25 + 4/(-12)*0. Suppose 0 = -l + 3*y - 21, y + 55 = -3*l + 2*y. Let j = n + l. What are the prime factors of j?
7
Let n(g) be the second derivative of -4*g**3/3 - g**2/2 - 9*g. Suppose -4*l + 3*y - 2*y - 7 = 0, -4*l + 4*y - 16 = 0. What are the prime factors of n(l)?
7
Suppose 3*z - 44 = 25. Let b be 3 + (4 - 3)*2. Suppose 4*m + 4*g = 28, m + z = b*m - g. List the prime factors of m.
2, 3
Suppose -4330 = -5*n + g, -888 = 4*n + 4*g - 4328. List the prime factors of n.
5, 173
Suppose 0 = -n + 3*n + 4*v - 368, 0 = -n - 4*v + 174. List the prime factors of n.
2, 97
Let j = -215 + 302. List the prime factors of j.
3, 29
Suppose -2*h - 2*h = -48. Suppose 3*b = -0 - h. List the prime factors of (-2322)/(-72) + 1/b.
2
Let w = -25 + 27. List the prime factors of w + 0 + (50 - -5).
3, 19
Let l = 9 - 4. Let q(n) = n**3 - 6*n**2 - 3*n - 1. Let t be q(l). Let w = t + 69. What are the prime factors of w?
2, 7
Let q = 40 - 37. Suppose q*b + 73 = 4*b. What are the prime factors of b?
73
Suppose -992 = -4*g + 1588. What are the prime factors of g?
3, 5, 43
Suppose -2*t - 258 = v + 113, 2*t + 2*v + 374 = 0. Let s = t + 340. List the prime factors of s.
2, 3, 13
Suppose 5*u - 191 = -g, -3*g = -7*u + 3*u - 497. List the prime factors of g.
3, 19
Let c = 21 - -56. Suppose -c = 8*b - 213. List the prime factors of b.
17
Let b = -40 - -2150. Let j be b/(-10)*(-2)/2. Let l = -134 + j. What are the prime factors of l?
7, 11
Let j(h) = 17*h + 5. Let r be j(6). Let d(g) = 8*g - 3. Let n be d(-6). Let c = n + r. List the prime factors of c.
2, 7
Suppose -7*z + 2297 = 932. Suppose 3*u - z = 45. What are the prime factors of u?
2, 5
Suppose 0 = -3*s - 4*q + 886, 1490 = 4*s + s + 4*q. What are the prime factors of s?
2, 151
Let n = 1202 - 1140. List the prime factors of n.
2, 31
Let x = -2289 + 7324. List the prime factors of x.
5, 19, 53
Suppose -3*p = -5*a - 4*p + 1726, 16 = -4*p. What are the prime factors of a?
2, 173
Let g(n) = n**2 - 6*n + 5. Let f be g(6). Let d be 69/(0 + (f - 2)). Let p = 26 - d. List the prime factors of p.
3
Suppose 2*n = -0*n + 14. Suppose 2*g - n*w - 154 = -12*w, -3*w = 2*g - 162. What are the prime factors of g?
3, 29
Let c = 3 + -5. What are the prime factors of c/(-5)*(3 - -42)?
2, 3
Let g(m) = -4*m**3 - 5*m**2 + 13*m - 10. Let d(t) = t**3 - t**2. Let s(x) = 5*d(x) + g(x). Let r = 19 + -10. List the prime factors of s(r).
2, 13
Let z be (2/(-4)*-4)/(2/(-52)). Let d = 6 - 0. List the prime factors of (-12)/4*z/d.
2, 13
Let q = -30 + 27. What are the prime factors of q*(4 - (-328)/(-12))?
2, 5, 7
Suppose 5*u - 48 = -n, -4*n + 122 = 5*u - 130. Let y = 16 + n. Suppose -4*r + y = -r. List the prime factors of r.
2, 7
Let w be (-145)/20 + 3 + 11/(-4). List the prime factors of 5 + 0 + w - -139.
137
Suppose -5*z = 2*p - 103, -2*z = 2*p - 131 + 19. Let b = 108 - p. List the prime factors of b.
7
Let v(r) = -14*r**3 - 4*r**2 + 5*r + 4. Let b be v(-3). Suppose -3*h = -95 - b. List the prime factors of h.
2, 71
Let d = -24 + 27. Suppose -d*o - 11 = -8. What are the prime factors of 1/(2*o/(-62))?
31
Suppose -5*s - 2*u = -23, 16 = 3*s - 0*u - u. Suppose -s*w - 2*w = -770. What are the prime factors of w?
2, 5, 11
Let f(z) = 7*z**2 + 11*z - 5. Let c(x) = -11*x**2 - 17*x + 7. Let v(g) = 5*c(g) + 8*f(g). Let a be v(-8). Suppose 11 = 2*d - a. What are the prime factors of d?
23
Suppose 2*s - 436 = -4*w - 78, -5*w - 2*s = -445. Let p be (-1*2)/((-1)/2). Suppose 0 = -p*u - 7 + w. List the prime factors of u.
2, 5
Suppose -81*d + 260756 + 245413 = 0. What are the prime factors of d?
3, 2083
Let i be (-272)/(-28) + 4/14. Let g(b) be the third derivative of -b**6/120 + b**5/6 + b**4/12 + 7*b**3/6 + 5*b**2. List the prime factors of g(i).
3
Let z(h) = -h**2 - 12*h - 15. Let b be z(-11). Let c be b*4/20*30. Let r = c - -32. List the prime factors of r.
2
Let u(s) = -s**2 - 5*s - 5. Let h be u(-2). List the prime factors of 0 + -2 - (h - 36).
3, 11
Let j be ((-4)/(-5) + (-12)/15)/(-2). Suppose 0 = 5*d + 4*w - 139, -78 = -3*d + 3*w - j*w. What are the prime factors of d?
3
Let y(x) = x**2 - 3*x - 4. Let u be y(-4). Suppose -29 - 371 = -16*b. Suppose u + b = a. List the prime factors of a.
7
Suppose -2*u = -10, 2*u = -3*a - 2 - 9. Let d = a + 25. List the prime factors of ((-3)/3)/((-1)/d).
2,